highest common factor of 6035 and 9940?
355
What is the highest common divisor of 17023 and 2407?
29
Calculate the highest common factor of 1045980 and 15.
15
What is the highest common factor of 50 and 1586320?
10
Calculate the highest common divisor of 317 and 187981.
317
What is the greatest common factor of 126 and 186048?
18
What is the greatest common factor of 11775 and 345?
15
Calculate the greatest common factor of 213967 and 39.
13
What is the greatest common divisor of 1936 and 14776?
8
Calculate the greatest common divisor of 864 and 66904.
8
What is the greatest common factor of 87704 and 399?
19
What is the greatest common divisor of 13754 and 182?
26
Calculate the highest common divisor of 2290 and 260.
10
What is the greatest common factor of 259 and 83741?
7
Calculate the highest common factor of 29676 and 18.
6
Calculate the greatest common divisor of 106 and 48283.
53
What is the highest common factor of 23785 and 3685?
335
Calculate the greatest common factor of 375 and 15645.
15
Calculate the greatest common factor of 2820 and 49260.
60
What is the greatest common divisor of 64 and 21968?
16
What is the greatest common divisor of 288 and 43872?
96
What is the greatest common divisor of 81 and 10590?
3
Calculate the highest common divisor of 2682 and 16688.
298
What is the highest common divisor of 876 and 140452?
292
Calculate the greatest common divisor of 234 and 264654.
234
What is the greatest common divisor of 363276 and 108?
36
What is the highest common divisor of 195 and 15765?
15
What is the highest common divisor of 127332 and 18?
18
Calculate the greatest common factor of 144864 and 576.
288
Calculate the highest common divisor of 15875 and 328295.
635
What is the highest common factor of 126 and 48566?
14
Calculate the highest common factor of 234920 and 1120.
280
Calculate the highest common divisor of 336 and 310160.
16
What is the highest common divisor of 1558 and 5084?
82
Calculate the greatest common factor of 170 and 3210.
10
Calculate the highest common factor of 223998 and 68612.
2018
What is the greatest common divisor of 301 and 311451?
7
Calculate the greatest common divisor of 1512 and 3150.
126
What is the greatest common factor of 6897329 and 43?
43
What is the highest common divisor of 282 and 47376?
282
Calculate the highest common factor of 1710 and 32300.
190
Calculate the highest common factor of 1545994 and 146.
146
What is the highest common factor of 254 and 37846?
254
Calculate the greatest common divisor of 1104 and 12912.
48
What is the greatest common factor of 20 and 1039845?
5
What is the greatest common divisor of 86 and 65446?
86
What is the greatest common factor of 284050 and 450?
50
What is the greatest common factor of 195900 and 375?
75
Calculate the greatest common factor of 28000 and 219625.
875
Calculate the greatest common divisor of 630 and 3390.
30
What is the greatest common factor of 593761 and 105?
7
Calculate the greatest common factor of 21892 and 260.
52
What is the highest common factor of 6422 and 114?
38
What is the highest common factor of 1222 and 236626?
26
Calculate the greatest common factor of 230415 and 30.
15
Calculate the highest common divisor of 1482 and 17524.
26
Calculate the greatest common factor of 630 and 144249.
21
What is the greatest common factor of 246285 and 351?
117
Calculate the greatest common factor of 4335 and 2907.
51
What is the highest common divisor of 7 and 10451?
7
Calculate the greatest common divisor of 189297 and 81.
81
Calculate the greatest common factor of 1480 and 45695.
185
What is the highest common divisor of 8305 and 2416?
151
What is the greatest common divisor of 28939 and 172?
43
Calculate the highest common divisor of 6 and 303.
3
Calculate the greatest common factor of 169 and 24063.
13
What is the highest common divisor of 111360 and 576?
192
Calculate the greatest common divisor of 14 and 3202.
2
Calculate the greatest common divisor of 856 and 1796316.
428
Calculate the greatest common divisor of 58848 and 128.
32
Calculate the highest common factor of 161 and 245.
7
What is the highest common divisor of 28 and 1809598?
14
Calculate the greatest common divisor of 899621 and 36747.
1361
Calculate the greatest common divisor of 186433 and 1261.
13
What is the greatest common divisor of 397 and 348169?
397
Calculate the highest common divisor of 136070 and 90.
10
What is the highest common divisor of 624 and 62270?
26
What is the highest common divisor of 126 and 13248?
18
Calculate the greatest common divisor of 13 and 260273.
13
Calculate the greatest common divisor of 60 and 569680.
20
What is the greatest common divisor of 436167 and 9?
9
Calculate the greatest common divisor of 6099 and 2648999.
2033
Calculate the greatest common factor of 40 and 12890.
10
What is the highest common factor of 98059 and 247?
247
Calculate the greatest common factor of 144 and 57492.
36
Calculate the highest common factor of 14238 and 1130.
226
What is the greatest common divisor of 428 and 1177?
107
What is the highest common factor of 1456 and 422188?
52
Calculate the greatest common factor of 65 and 3793777.
13
Calculate the highest common divisor of 2670 and 1680.
30
Calculate the greatest common factor of 87006 and 153.
51
Calculate the highest common factor of 16 and 9192.
8
Calculate the greatest common factor of 4851 and 14256.
99
What is the greatest common factor of 116848 and 134?
134
What is the greatest common divisor of 31948 and 126?
14
Calculate the highest common divisor of 164445 and 114.
57
Calculate the greatest common factor of 48 and 104994.
6
What is the greatest common divisor of 620 and 170934?
62
Calculate the highest common factor of 84 and 6153.
21
What is the greatest common divisor of 28540 and 60?
20
What is the greatest common factor of 734697 and 27?
27
What is the greatest common divisor of 210 and 57890?
70
Calculate the greatest common divisor of 729744 and 96.
48
What is the greatest common factor of 1790 and 80?
10
What is the highest common divisor of 2375856 and 7?
7
Calculate the highest common factor of 7392 and 29964.
132
What is the highest common divisor of 11724 and 156?
12
What is the highest common divisor of 10 and 15085?
5
What is the highest common divisor of 28543 and 3247?
17
Calculate the highest common factor of 126218 and 11886.
566
Calculate the greatest common divisor of 24380 and 184.
92
What is the greatest common divisor of 36 and 126981?
9
What is the greatest common divisor of 8374 and 848?
106
Calculate the highest common factor of 127425 and 90.
15
Calculate the greatest common factor of 96705 and 56.
7
Calculate the highest common factor of 80431 and 21827.
299
What is the highest common divisor of 145273 and 3286?
53
What is the highest common divisor of 1290 and 971886?
258
What is the greatest common factor of 8582 and 826?
14
What is the highest common factor of 3210480 and 546?
546
What is the highest common factor of 161 and 189957?
23
What is the highest common divisor of 17375 and 2125?
125
Calculate the greatest common divisor of 176256 and 14208.
384
Calculate the greatest common factor of 31 and 71052.
31
What is the highest common divisor of 205378 and 58?
58
What is the greatest common factor of 8106 and 11130?
42
Calculate the greatest common factor of 119 and 1853.
17
Calculate the highest common factor of 805 and 2352900.
115
What is the highest common divisor of 19359 and 25110?
81
What is the greatest common divisor of 34 and 97427?
17
What is the greatest common divisor of 98903 and 1791?
199
Calculate the highest common factor of 705 and 341385.
15
What is the greatest common factor of 155 and 72385?
155
Calculate the greatest common factor of 1176 and 1128.
24
What is the highest common factor of 1950 and 4200?
150
What is the greatest common divisor of 188484 and 14873?
139
Calculate the greatest common divisor of 7997 and 2552.
11
What is the greatest common factor of 2088 and 936?
72
Calculate the greatest common factor of 13005 and 5490.
45
What is the greatest common factor of 88 and 371932?
44
Calculate the greatest common divisor of 600 and 38925.
75
What is the greatest common divisor of 45560 and 70?
10
What is the greatest co